ainder when 21492125 is divided by 159?
95
What is the remainder when 84846 is divided by 26558?
5172
Calculate the remainder when 21836 is divided by 7056.
668
Calculate the remainder when 79796 is divided by 7794.
1856
Calculate the remainder when 45822910 is divided by 763715.
10
Calculate the remainder when 1918917 is divided by 247.
221
What is the remainder when 399759 is divided by 132636?
1851
What is the remainder when 1738785 is divided by 869354?
77
What is the remainder when 12321838 is divided by 652?
342
Calculate the remainder when 1026120 is divided by 29.
13
What is the remainder when 10771 is divided by 10625?
146
What is the remainder when 124073 is divided by 3965?
1158
Calculate the remainder when 356120 is divided by 429.
50
What is the remainder when 37953359 is divided by 729872?
15
Calculate the remainder when 119847857 is divided by 34.
33
What is the remainder when 12406794 is divided by 450?
294
Calculate the remainder when 56889562 is divided by 18963184.
10
Calculate the remainder when 43471892 is divided by 61.
59
What is the remainder when 711694 is divided by 711644?
50
What is the remainder when 23063 is divided by 4544?
343
What is the remainder when 208510 is divided by 73?
22
What is the remainder when 196043 is divided by 192?
11
What is the remainder when 17755374 is divided by 10317?
10134
What is the remainder when 3273388 is divided by 1561?
1532
What is the remainder when 52371531 is divided by 14?
9
What is the remainder when 108762 is divided by 1002?
546
What is the remainder when 18256 is divided by 9?
4
What is the remainder when 1029358 is divided by 609?
148
Calculate the remainder when 49843 is divided by 12208.
1011
What is the remainder when 30149404 is divided by 12?
4
Calculate the remainder when 441851 is divided by 10541.
9670
Calculate the remainder when 333686 is divided by 647.
481
Calculate the remainder when 109500 is divided by 811.
15
What is the remainder when 1887201 is divided by 700?
1
What is the remainder when 20844904 is divided by 6191?
5998
What is the remainder when 65328919 is divided by 1037?
1030
Calculate the remainder when 6062270 is divided by 673585.
5
Calculate the remainder when 6119045 is divided by 569.
19
Calculate the remainder when 48064650 is divided by 16021545.
15
What is the remainder when 178612 is divided by 2932?
2692
What is the remainder when 294693 is divided by 98143?
264
Calculate the remainder when 8197123 is divided by 1086.
1081
Calculate the remainder when 1423307 is divided by 1636.
1623
What is the remainder when 109217 is divided by 8397?
56
Calculate the remainder when 1708637 is divided by 245.
7
What is the remainder when 2043212 is divided by 1761?
452
What is the remainder when 5055009 is divided by 5054974?
35
Calculate the remainder when 5975950 is divided by 78.
58
What is the remainder when 1181358 is divided by 590647?
64
What is the remainder when 6717 is divided by 499?
230
Calculate the remainder when 43068651 is divided by 36.
15
Calculate the remainder when 607445 is divided by 607095.
350
What is the remainder when 9087812 is divided by 171467?
61
What is the remainder when 8738028 is divided by 21?
12
Calculate the remainder when 6105949 is divided by 45.
34
What is the remainder when 17721828 is divided by 1494?
0
Calculate the remainder when 943627 is divided by 271.
5
What is the remainder when 19761713 is divided by 21?
20
What is the remainder when 23457 is divided by 97?
80
Calculate the remainder when 18528 is divided by 13214.
5314
What is the remainder when 1821659 is divided by 910639?
381
Calculate the remainder when 1904316 is divided by 135878.
2024
What is the remainder when 5999587197 is divided by 40?
37
Calculate the remainder when 51885 is divided by 10375.
10
What is the remainder when 262218 is divided by 43699?
24
What is the remainder when 2250431 is divided by 94?
71
Calculate the remainder when 58803 is divided by 2462.
2177
What is the remainder when 79503724 is divided by 175?
174
Calculate the remainder when 1884994 is divided by 600.
394
Calculate the remainder when 772591 is divided by 59428.
27
What is the remainder when 228306 is divided by 362?
246
Calculate the remainder when 3956571 is divided by 290.
101
What is the remainder when 652300 is divided by 72?
52
Calculate the remainder when 176588016 is divided by 1610.
1606
What is the remainder when 14046285 is divided by 8?
5
Calculate the remainder when 240042 is divided by 40001.
36
Calculate the remainder when 119217645 is divided by 92.
89
What is the remainder when 158830 is divided by 55?
45
Calculate the remainder when 5295760 is divided by 2647848.
64
What is the remainder when 93771 is divided by 15620?
51
Calculate the remainder when 280777780 is divided by 93592584.
28
What is the remainder when 92964108 is divided by 361728?
12
What is the remainder when 943431 is divided by 49654?
5
Calculate the remainder when 1401316 is divided by 576.
484
Calculate the remainder when 830355 is divided by 15095.
130
What is the remainder when 767032 is divided by 255357?
961
What is the remainder when 6049067 is divided by 15392?
11
What is the remainder when 178662 is divided by 85?
77
What is the remainder when 246779 is divided by 639?
125
Calculate the remainder when 68390351 is divided by 116.
115
What is the remainder when 4458467 is divided by 196?
55
Calculate the remainder when 379795 is divided by 683.
47
What is the remainder when 700572728 is divided by 19?
16
Calculate the remainder when 2028807 is divided by 363.
0
Calculate the remainder when 25211544 is divided by 50.
44
What is the remainder when 261038 is divided by 43499?
44
Calculate the remainder when 6979895 is divided by 452.
111
What is the remainder when 545041 is divided by 299?
263
What is the remainder when 20583507 is divided by 30?
27
What is the remainder when 1729632 is divided by 20837?
161
What is the remainder when 1829359 is divided by 457335?
19
What is the remainder when 1085640 is divided by 217110?
90
Calculate the remainder when 3766300 is divided by 5555.
10
Calculate the remainder when 317997816 is divided by 10.
6
Calculate the remainder when 3235586 is divided by 808891.
22
What is the remainder when 50440324 is divided by 227?
16
What is the remainder when 1041982431 is divided by 7751?
7750
Calculate the remainder when 12617023 is divided by 112.
111
Calculate the remainder when 37771518 is divided by 1091.
7
What is the remainder when 144863 is divided by 440?
103
Calculate the remainder when 6778 is divided by 755.
738
Calculate the remainder when 5817006 is divided by 1999.
1915
Calculate the remainder when 1005128 is divided by 460.
28
What is the remainder when 138412697 is divided by 108?
5
Calculate the remainder when 43729 is divided by 42700.
1029
Calculate the remainder when 4567311 is divided by 49109.
174
Calculate the remainder when 3686442 is divided by 102401.
6
Calculate the remainder when 131146 is divided by 2678.
2602
Calculate the remainder when 1397000 is divided by 1413.
956
What is the remainder when 40051959 is divided by 10275?
9
Calculate the remainder when 3567180 is divided by 2158.
6
Calculate the remainder when 6245017 is divided by 3122503.
11
What is the remainder when 1306820 is divided by 675?
20
What is the remainder when 263746 is divided by 296?
10
Calculate the remainder when 19427053 is divided by 11.
8
Calculate the remainder when 10651070 is divided by 626526.
128
What is the remainder when 19032657 is divided by 15?
12
What is the remainder when 885558490 is divided by 63?
61
Calculate the remainder when 529367 is divided by 4450.
4267
Calculate the remainder when 53147286 is divided by 7592468.
10
What is the remainder when 102788 is divided by 63?
35
What is the remainder when 12174939 is divided by 292?
291
Calculate the remainder when 68139 is divided by 6410.
4039
Calculate the remainder when 22377 is divided by 1395.
57
What is the remainder when 71512 is divided by 35504?
504
Calculate the remainder when 4717747 is divided by 27.
10
Calculate the remainder when 27894 is divided by 1469.
1452
What is the remainder when 224863 is divided by 20391?
562
Calculate the remainder when 4302842 is di